. What is the remainder when l is divided by m?
16
Let q(t) = 129*t + 12. What is the remainder when q(1) is divided by 9?
6
Suppose 0 = -23*s + 15*s + 8. What is the remainder when 14 is divided by s?
0
Let x = 84 - 81. Suppose 3*b = -15, 4*k - x*b - 25 = 3*k. Let t = -4 - -31. What is the remainder when t is divided by k?
7
Suppose 4*l - 94 = 5*d + 146, 0 = 2*l + 4*d - 94. What is the remainder when l is divided by (-58)/((10/25)/(2/(-10)))?
26
Suppose -623 = -24*b + 17*b. Calculate the remainder when b is divided by 58.
31
Let j be (-1 - -1)*2/(-4). Calculate the remainder when 39 is divided by (j - -7) + 1 + 2.
9
Let g = 2 - -19. Calculate the remainder when 22 is divided by g - 5/((-25)/(-20)).
5
Calculate the remainder when 34 is divided by (264/(-60))/(16/(-120)).
1
Suppose 0 = 3*y + 5*u - 77 - 121, 0 = -2*y - 5*u + 127. Let l = 120 - y. Calculate the remainder when l is divided by 13.
10
Suppose -13*z + 14*z - 13 = 0. Calculate the remainder when z is divided by 1.
0
Let w(i) = -i**3 + 5*i**2 + 8*i - 6. Let x(d) = d**3 - 15*d**2 + 14*d + 6. Let j be x(14). What is the remainder when 15 is divided by w(j)?
3
Let a = 886 + -620. Calculate the remainder when a is divided by 34.
28
Let k(z) = -z**3 + 15*z**2 - 31*z + 18. What is the remainder when k(10) is divided by 70?
68
Suppose 0 = -c + 3, 2*q - 32 = 5*c - 11. Let n be (-1)/(((-10)/124)/(-5)). Let j = n + 131. Calculate the remainder when j is divided by q.
15
Suppose 5 = -3*d + 8. Let m(k) = 29*k**2 - 1. Calculate the remainder when 110 is divided by m(d).
26
Let v = -5 - -12. Let z(b) = 3*b**2 - 8*b + 6. Calculate the remainder when z(v) is divided by 50.
47
Suppose c = -5*b - c + 22, b - 6 = -2*c. Let h = b - 1. Let p = -197 + 203. Calculate the remainder when p is divided by h.
0
Let g = 327 + -192. Suppose -g = -5*a - 4*a. Calculate the remainder when a is divided by 4.
3
Let j(s) = -s**2 + s - 3. Let y be j(0). Let b(r) = -11*r - 6. Let g(k) = -1. Let i(m) = b(m) + 3*g(m). Calculate the remainder when 46 is divided by i(y).
22
Let m(j) = -j**2 - 24*j + 29. Let t = 14 + -38. What is the remainder when m(t) is divided by 8?
5
Let o = 2781 + -2739. Let p(j) = -j**3 - j**2 + 2*j + 3. Calculate the remainder when o is divided by p(-3).
12
Let x be 88/14*14/4. Suppose 0 = -2*c - 4, -h + c = 3*h - x. Calculate the remainder when h is divided by 4.
1
Let k = -441 + 631. Suppose 5*m = 5*i - 1195, -3*m + k + 29 = i. Let d = -161 + i. Calculate the remainder when d is divided by 19.
16
Suppose 5*o = -2*m - 0*m + 287, 2*m = -2*o + 302. What is the remainder when m is divided by 29?
11
Let o be ((-2)/((-6)/(-15)))/(5 + -4). Calculate the remainder when 64 is divided by (4 + (-56)/35)/((-2)/o).
4
Suppose -p + 120 = 3*i, -3*p + 196 = 3*i + 2*i. Let y = 478 - 463. What is the remainder when i is divided by y?
11
Suppose -30*g + 4172 = -2*g. What is the remainder when g is divided by 41?
26
Let f(j) = 24*j**3 - 11*j**2 + 10*j + 1. What is the remainder when 112 is divided by f(1)?
16
Suppose -890 = -5*x - 5*k, 5*k = -1 + 26. Calculate the remainder when x is divided by 18.
11
What is the remainder when 177 is divided by (-6 + 8)/((-3)/(-18))?
9
Let a(m) = -m**2 + 5*m + 36. Calculate the remainder when a(5) is divided by 23.
13
Let a be 3/(-2)*(-349 + (-1 - -4)). Suppose -v - 4*i - 4 = -99, 5*v - a = 2*i. What is the remainder when v is divided by 35?
33
Suppose -76 = -5*k + 4*o, -4 + 2 = -2*o. Calculate the remainder when 108 is divided by k.
12
Let f = 74 + -47. Let s = -10 - -55. Suppose -2*l + 5*l - s = 0. What is the remainder when f is divided by l?
12
Let n = 89 + -87. Suppose -97 = -n*y + g, -y - 3*g + 5*g + 44 = 0. What is the remainder when y is divided by 6?
2
Let x(p) = 6*p + 298. Let i(f) = -24*f - 1. Calculate the remainder when x(-23) is divided by i(-1).
22
Let c = 44 - 45. Calculate the remainder when (2/2)/((-1)/83)*c is divided by 21.
20
Suppose 3*m + 6 = 222. Suppose -7*w = -m - 173. Calculate the remainder when w is divided by (-56)/(-3) + 2/(-3).
17
Let q(k) = 3*k**2 - 12*k + 50. What is the remainder when q(8) is divided by 15?
11
Let u(v) = 29*v**2 - 3*v - 2. Let t be u(-1). Let o be (t/35)/(3/126). Let c = o - 25. What is the remainder when 54 is divided by c?
10
Let f(k) = -k - 35. Let c be f(-8). Let s = 40 + c. What is the remainder when 35 is divided by s?
9
Suppose -n + 53 = 4*s, 5*n - 66 = 4*s + 79. Calculate the remainder when n is divided by (1/(-1))/(6/(-102)).
16
Suppose -96 = -5*h + 2*h - 3*y, -h = 2*y - 37. Let p(o) = 28*o + 10. Calculate the remainder when h is divided by p(0).
7
Suppose -2*l - l = -6, -3*l + 226 = 5*z. Let d be (160/(-15))/(1/(-3)). Let q = d - 9. What is the remainder when z is divided by q?
21
Let a(d) = -7*d + 1. Let b(s) = 14*s - 2. Let n(f) = 7*a(f) + 3*b(f). Calculate the remainder when ((-1054)/170)/(2/(-10)) is divided by n(-1).
7
Suppose 28*c = 33*c - 15. Let f = 13 + c. Calculate the remainder when 44 is divided by f.
12
Let n(q) = -q**3 + 8*q**2 + 12*q - 20. Let w(h) = 19*h**2 - 2*h - 1. Calculate the remainder when w(-1) is divided by n(9).
6
Suppose 0 = -3*g + 24 + 12. Suppose -56 = -4*n - 4*m, -3*m = -3*n + 1 + 11. Suppose n - 55 = -2*b. What is the remainder when b is divided by g?
11
Let f = 374 - 358. Calculate the remainder when f is divided by 4.
0
Let m(v) = v + 8. Let t = -14 - -71. What is the remainder when t is divided by m(7)?
12
Suppose 9 = 13*x - 290. Suppose 20 = 2*l - 6*w + 4*w, 5*l + 2*w = 43. Let n = -3 + l. Calculate the remainder when x is divided by n.
5
Let x(i) = -i**3 - 6*i**2 + 5*i - 3. Let v be x(-6). Let s = 74 - v. Let m(q) = -q**3 + 17*q**2 + 5*q - 58. What is the remainder when s is divided by m(17)?
26
Let k(u) = -u**3 + 2*u**3 - u**3 + 12 - 10*u**2 - u**3. What is the remainder when k(-10) is divided by 4?
0
Let q = 45 - 33. Suppose k + q = 19. Suppose -7 = 4*p - 59. Calculate the remainder when p is divided by k.
6
Suppose a + 2*m - 9 = 6, 2*m + 6 = 2*a. Let i = a + 2. Suppose -156 + 656 = 20*q. Calculate the remainder when q is divided by i.
7
Let q(c) = -2*c - 13. Let k = 1 - 22. What is the remainder when q(-13) is divided by (15/9 + -2)*k?
6
Suppose 10 = -2*a + 2. Let p be (-4)/(-6)*(-1 - a). Suppose 0 = 7*t - p*t - 30. Calculate the remainder when 16 is divided by t.
4
Let y = -9 + 4. Let c = y - -7. Suppose 4*t + 39 = 4*d + t, 2*t = -2*d + c. Calculate the remainder when d is divided by 4.
2
Let v be (2 - 4)/(-2)*263. Suppose -212 = -4*h + 2*k, h + 2*k = 6*h - v. Calculate the remainder when h is divided by 13.
12
Let t be (-116)/(-36) - 4/18. Suppose 0 = -0*k + t*k - 21. Suppose -9*b = -5*b - 52. Calculate the remainder when b is divided by k.
6
Suppose -4*m + 2*m - 4 = 2*o, -o - 4 = 0. Suppose 0*j = 2*j. Suppose j = -2*a - 5*n - 2, -4 = a + 4*n. Calculate the remainder when a is divided by m.
0
Let b(x) = 3*x**3 - 65*x**2 - 22*x + 12. Let r = 158 - 96. Let o = r - 41. Calculate the remainder when o is divided by b(22).
9
Suppose 21 = 9*t + 26 - 59. Suppose -4*f = -64 - 16. Calculate the remainder when f is divided by t.
2
Let k = -241 + 339. What is the remainder when 183 is divided by k?
85
Suppose 4*t + 16 + 28 = 0. Let u = 16 + t. Calculate the remainder when (-101)/(-2) + u/10 is divided by 13.
12
What is the remainder when 6/((-1116)/(-184) - 6) is divided by 35?
22
Let b = -106 + 123. Calculate the remainder when (82/3)/(1/3) is divided by b.
14
Let j(i) = -21*i**3 - 2*i**2 + i. What is the remainder when j(-2) is divided by 46?
20
Let l = 110 + -75. Calculate the remainder when 165 is divided by l.
25
Calculate the remainder when (-8 + -2)/((-6)/141) is divided by 24.
19
Let g(b) be the first derivative of -b**2/2 + 11*b - 9. What is the remainder when g(-14) is divided by 7?
4
Let i = -20 + 16. Let p(r) = -11*r - 49. What is the remainder when (81/i)/(1/(-4)) is divided by p(-7)?
25
Let t be (-208)/39*(-7 - -1). Let w = -21 + t. Let j(b) = -b**2 + 13*b - 4. Calculate the remainder when j(w) is divided by 5.
3
Calculate the remainder when 136 is divided by 74*(-11 + (-276)/(-24)).
25
Let t = -279 + 291. What is the remainder when 69 is divided by t?
9
Suppose -f + 393 = -4*g, f - 398 + 11 = 2*g. What is the remainder when f is divided by 77?
73
Suppose -130*j - 130 = -140*j. Su